{"id":1206,"date":"2019-08-05T08:29:30","date_gmt":"2019-08-05T08:29:30","guid":{"rendered":"https:\/\/ana-kovacevic.com\/?page_id=1206"},"modified":"2019-08-05T08:29:31","modified_gmt":"2019-08-05T08:29:31","slug":"o-meni","status":"publish","type":"page","link":"https:\/\/ana-kovacevic.com\/en\/o-meni\/","title":{"rendered":"About"},"content":{"rendered":"<p class=\"has-background has-very-light-gray-background-color translation-block\"><strong>Ana Kova\u010devi\u0107<\/strong> was born in 1988 in Belgrade, where she graduated with the highest mark. She completed Bachelor, Master, Specialization degree at the Belgrade Academy of Music. At this moment, she is finishing her Doctorate degree in music under professor Jokuthon Mihailovi\u0107. Ana finished Elementary music school \u201cVladimir \u0110or\u0111evi\u0107\u201d under professor Jelena Filoti\u0107 and High music school \u201cJosip Slavenski\u201d under professor Olga Bauer, also intesively collaborating with professor Aleksandar Bauer. During her education she has been attending master classes of prominent professors and pianists \u2013 Michael Udhe, Aleksandar Sinchuk, Evgeny Starodubtsev, Lovre Maru\u0161i\u0107 and Natalia Trull.<\/br><\/br>\nAna has taken part in various national and international competitions and she has won many prizes:<\/br><\/br>\nLaureate \u2013 IV Slobomir International Music Competition (2015), second prize \u2013 International Competition \u201cDimitar Nenov\u201d (2011), first prize \u2013 Slobomir International Music Competition \u2013 discipline Piano duo. As a student in high and elementary school she also won many prizes \u2013 first prize III Memorial \u201cDr Vojislav Vu\u010dkovi\u0107\u201c, first prize on Promenade of piano talents, first prize on Republic competition of Serbia, Laureate on International Festival of Young Pianists Art studio \u0160abac (2003) etc.<\/br><\/br>\nAna gives performances as a soloist and chamber musician regularly. She has played in all important halls in Belgrade (The Belgrade City Assembly, gallery of The Serbian Academy of Sciences and Art, and also several times in Kolarac Concert Hall (gallery and big hall), Cultural Center of Belgrade, Central House of the Army of Serbia, Russian Center of Science and Culture etc.). She has played the premiere of the Dejan Despi\u0107\u2019s Concertino for piano and orchestra with Art Ensemble \u201cStanislav Bini\u010dki\u201d and maestro Rade Pej\u010di\u0107 conducting. Also, she gave performance of the Liszt Piano Concerto No.1 with the same orchestra and maestro Dra\u0161ko Jankovi\u0107. She performed as a guest at the Closing ceremony of the famous Piano competition Maria Canals in Barcelona, also played in Theatre in Arsoli (Italy) and in Razgrad (Bulgaria) with Razgrad philharmonic orchestra.<\/br><\/br>\nAna took part in multimedial musical projects in domain of modern classical music:  Silence or Nothing, The man with an umbrella, Imaginary Landscapes of John Cage and Middle of Wednesday.<\/br><\/br>\nAna works as a piano professor in Music school \u201cDavorin Jenko\u201d and she is also accompanist at the string department since 2012. Her students are very successful and  also perform regularly and won many prizes.  Ana has highly acclaimed collaboration as accompanist with violin students.<\/p>","protected":false},"excerpt":{"rendered":"<p>Ana Kova\u010devi\u0107, ro\u0111ena je 1988. godine u Beogradu, gde je sa najvi\u0161om ocenom diplomirala, zavr\u0161ila specijalizaciju, a trenutno je na zavr\u0161noj godini doktorskih studija na Fakultetu muzi\u010dke umetnosti, u klasi prof. Jokut Mihailovi\u0107. Dobitnica je nagrade iz Fonda \u201eSlobodanka Milo\u0161evi\u0107-Savi\u0107\u201c&#8230;<\/p>","protected":false},"author":1,"featured_media":0,"parent":0,"menu_order":0,"comment_status":"closed","ping_status":"closed","template":"","meta":[],"yoast_head":"<!-- This site is optimized with the Yoast SEO plugin v17.2.1 - https:\/\/yoast.com\/wordpress\/plugins\/seo\/ -->\n<title>O meni - Ana Kova\u010devi\u0107<\/title>\n<meta name=\"robots\" content=\"index, follow, max-snippet:-1, max-image-preview:large, max-video-preview:-1\" \/>\n<link rel=\"canonical\" href=\"https:\/\/ana-kovacevic.com\/en\/o-meni\/\" \/>\n<meta property=\"og:locale\" content=\"en_US\" \/>\n<meta property=\"og:type\" content=\"article\" \/>\n<meta property=\"og:title\" content=\"O meni - Ana Kova\u010devi\u0107\" \/>\n<meta property=\"og:description\" content=\"Ana Kova\u010devi\u0107, ro\u0111ena je 1988. godine u Beogradu, gde je sa najvi\u0161om ocenom diplomirala, zavr\u0161ila specijalizaciju, a trenutno je na zavr\u0161noj godini doktorskih studija na Fakultetu muzi\u010dke umetnosti, u klasi prof. Jokut Mihailovi\u0107. Dobitnica je nagrade iz Fonda \u201eSlobodanka Milo\u0161evi\u0107-Savi\u0107\u201c...\" \/>\n<meta property=\"og:url\" content=\"https:\/\/ana-kovacevic.com\/en\/o-meni\/\" \/>\n<meta property=\"og:site_name\" content=\"Ana Kova\u010devi\u0107\" \/>\n<meta property=\"article:modified_time\" content=\"2019-08-05T08:29:31+00:00\" \/>\n<meta name=\"twitter:card\" content=\"summary_large_image\" \/>\n<meta name=\"twitter:label1\" content=\"Est. reading time\" \/>\n\t<meta name=\"twitter:data1\" content=\"3 minutes\" \/>\n<script type=\"application\/ld+json\" class=\"yoast-schema-graph\">{\"@context\":\"https:\/\/schema.org\",\"@graph\":[{\"@type\":[\"Person\",\"Organization\"],\"@id\":\"https:\/\/ana-kovacevic.com\/#\/schema\/person\/e03847a1c8035b1f98ca32f780dc0414\",\"name\":\"anakovacevic\",\"image\":{\"@type\":\"ImageObject\",\"@id\":\"https:\/\/ana-kovacevic.com\/#personlogo\",\"inLanguage\":\"en-US\",\"url\":\"https:\/\/secure.gravatar.com\/avatar\/afbaec25099f4d39fe2667937f92d0e0?s=96&d=mm&r=g\",\"contentUrl\":\"https:\/\/secure.gravatar.com\/avatar\/afbaec25099f4d39fe2667937f92d0e0?s=96&d=mm&r=g\",\"caption\":\"anakovacevic\"},\"logo\":{\"@id\":\"https:\/\/ana-kovacevic.com\/#personlogo\"}},{\"@type\":\"WebSite\",\"@id\":\"https:\/\/ana-kovacevic.com\/#website\",\"url\":\"https:\/\/ana-kovacevic.com\/\",\"name\":\"Ana Kova\\u010devi\\u0107\",\"description\":\"Music and beyond\",\"publisher\":{\"@id\":\"https:\/\/ana-kovacevic.com\/#\/schema\/person\/e03847a1c8035b1f98ca32f780dc0414\"},\"potentialAction\":[{\"@type\":\"SearchAction\",\"target\":{\"@type\":\"EntryPoint\",\"urlTemplate\":\"https:\/\/ana-kovacevic.com\/?s={search_term_string}\"},\"query-input\":\"required name=search_term_string\"}],\"inLanguage\":\"en-US\"},{\"@type\":\"WebPage\",\"@id\":\"https:\/\/ana-kovacevic.com\/o-meni\/#webpage\",\"url\":\"https:\/\/ana-kovacevic.com\/o-meni\/\",\"name\":\"O meni - Ana Kova\\u010devi\\u0107\",\"isPartOf\":{\"@id\":\"https:\/\/ana-kovacevic.com\/#website\"},\"datePublished\":\"2019-08-05T08:29:30+00:00\",\"dateModified\":\"2019-08-05T08:29:31+00:00\",\"breadcrumb\":{\"@id\":\"https:\/\/ana-kovacevic.com\/o-meni\/#breadcrumb\"},\"inLanguage\":\"en-US\",\"potentialAction\":[{\"@type\":\"ReadAction\",\"target\":[\"https:\/\/ana-kovacevic.com\/o-meni\/\"]}]},{\"@type\":\"BreadcrumbList\",\"@id\":\"https:\/\/ana-kovacevic.com\/o-meni\/#breadcrumb\",\"itemListElement\":[{\"@type\":\"ListItem\",\"position\":1,\"name\":\"Home\",\"item\":\"https:\/\/ana-kovacevic.com\/\"},{\"@type\":\"ListItem\",\"position\":2,\"name\":\"O meni\"}]}]}<\/script>\n<!-- \/ Yoast SEO plugin. -->","yoast_head_json":{"title":"O meni - Ana Kova\u010devi\u0107","robots":{"index":"index","follow":"follow","max-snippet":"max-snippet:-1","max-image-preview":"max-image-preview:large","max-video-preview":"max-video-preview:-1"},"canonical":"https:\/\/ana-kovacevic.com\/en\/o-meni\/","og_locale":"en_US","og_type":"article","og_title":"O meni - Ana Kova\u010devi\u0107","og_description":"Ana Kova\u010devi\u0107, ro\u0111ena je 1988. godine u Beogradu, gde je sa najvi\u0161om ocenom diplomirala, zavr\u0161ila specijalizaciju, a trenutno je na zavr\u0161noj godini doktorskih studija na Fakultetu muzi\u010dke umetnosti, u klasi prof. Jokut Mihailovi\u0107. Dobitnica je nagrade iz Fonda \u201eSlobodanka Milo\u0161evi\u0107-Savi\u0107\u201c...","og_url":"https:\/\/ana-kovacevic.com\/en\/o-meni\/","og_site_name":"Ana Kova\u010devi\u0107","article_modified_time":"2019-08-05T08:29:31+00:00","twitter_card":"summary_large_image","twitter_misc":{"Est. reading time":"3 minutes"},"schema":{"@context":"https:\/\/schema.org","@graph":[{"@type":["Person","Organization"],"@id":"https:\/\/ana-kovacevic.com\/#\/schema\/person\/e03847a1c8035b1f98ca32f780dc0414","name":"anakovacevic","image":{"@type":"ImageObject","@id":"https:\/\/ana-kovacevic.com\/#personlogo","inLanguage":"en-US","url":"https:\/\/secure.gravatar.com\/avatar\/afbaec25099f4d39fe2667937f92d0e0?s=96&d=mm&r=g","contentUrl":"https:\/\/secure.gravatar.com\/avatar\/afbaec25099f4d39fe2667937f92d0e0?s=96&d=mm&r=g","caption":"anakovacevic"},"logo":{"@id":"https:\/\/ana-kovacevic.com\/#personlogo"}},{"@type":"WebSite","@id":"https:\/\/ana-kovacevic.com\/#website","url":"https:\/\/ana-kovacevic.com\/","name":"Ana Kova\u010devi\u0107","description":"Music and beyond","publisher":{"@id":"https:\/\/ana-kovacevic.com\/#\/schema\/person\/e03847a1c8035b1f98ca32f780dc0414"},"potentialAction":[{"@type":"SearchAction","target":{"@type":"EntryPoint","urlTemplate":"https:\/\/ana-kovacevic.com\/?s={search_term_string}"},"query-input":"required name=search_term_string"}],"inLanguage":"en-US"},{"@type":"WebPage","@id":"https:\/\/ana-kovacevic.com\/o-meni\/#webpage","url":"https:\/\/ana-kovacevic.com\/o-meni\/","name":"O meni - Ana Kova\u010devi\u0107","isPartOf":{"@id":"https:\/\/ana-kovacevic.com\/#website"},"datePublished":"2019-08-05T08:29:30+00:00","dateModified":"2019-08-05T08:29:31+00:00","breadcrumb":{"@id":"https:\/\/ana-kovacevic.com\/o-meni\/#breadcrumb"},"inLanguage":"en-US","potentialAction":[{"@type":"ReadAction","target":["https:\/\/ana-kovacevic.com\/o-meni\/"]}]},{"@type":"BreadcrumbList","@id":"https:\/\/ana-kovacevic.com\/o-meni\/#breadcrumb","itemListElement":[{"@type":"ListItem","position":1,"name":"Home","item":"https:\/\/ana-kovacevic.com\/"},{"@type":"ListItem","position":2,"name":"O meni"}]}]}},"_links":{"self":[{"href":"https:\/\/ana-kovacevic.com\/en\/wp-json\/wp\/v2\/pages\/1206"}],"collection":[{"href":"https:\/\/ana-kovacevic.com\/en\/wp-json\/wp\/v2\/pages"}],"about":[{"href":"https:\/\/ana-kovacevic.com\/en\/wp-json\/wp\/v2\/types\/page"}],"author":[{"embeddable":true,"href":"https:\/\/ana-kovacevic.com\/en\/wp-json\/wp\/v2\/users\/1"}],"replies":[{"embeddable":true,"href":"https:\/\/ana-kovacevic.com\/en\/wp-json\/wp\/v2\/comments?post=1206"}],"version-history":[{"count":2,"href":"https:\/\/ana-kovacevic.com\/en\/wp-json\/wp\/v2\/pages\/1206\/revisions"}],"predecessor-version":[{"id":1208,"href":"https:\/\/ana-kovacevic.com\/en\/wp-json\/wp\/v2\/pages\/1206\/revisions\/1208"}],"wp:attachment":[{"href":"https:\/\/ana-kovacevic.com\/en\/wp-json\/wp\/v2\/media?parent=1206"}],"curies":[{"name":"wp","href":"https:\/\/api.w.org\/{rel}","templated":true}]}}

<p class="has-background has-very-light-gray-background-color translation-block"><strong>Ana Kovačević</strong> was born in 1988 in Belgrade, where she graduated with the highest mark. She completed Bachelor, Master, Specialization degree at the Belgrade Academy of Music. At this moment, she is finishing her Doctorate degree in music under professor Jokuthon Mihailović. Ana finished Elementary music school “Vladimir Đorđević” under professor Jelena Filotić and High music school “Josip Slavenski” under professor Olga Bauer, also intesively collaborating with professor Aleksandar Bauer. During her education she has been attending master classes of prominent professors and pianists – Michael Udhe, Aleksandar Sinchuk, Evgeny Starodubtsev, Lovre Marušić and Natalia Trull.</br></br>
Ana has taken part in various national and international competitions and she has won many prizes:</br></br>
Laureate – IV Slobomir International Music Competition (2015), second prize – International Competition “Dimitar Nenov” (2011), first prize – Slobomir International Music Competition – discipline Piano duo. As a student in high and elementary school she also won many prizes – first prize III Memorial “Dr Vojislav Vučković“, first prize on Promenade of piano talents, first prize on Republic competition of Serbia, Laureate on International Festival of Young Pianists Art studio Šabac (2003) etc.</br></br>
Ana gives performances as a soloist and chamber musician regularly. She has played in all important halls in Belgrade (The Belgrade City Assembly, gallery of The Serbian Academy of Sciences and Art, and also several times in Kolarac Concert Hall (gallery and big hall), Cultural Center of Belgrade, Central House of the Army of Serbia, Russian Center of Science and Culture etc.). She has played the premiere of the Dejan Despić’s Concertino for piano and orchestra with Art Ensemble “Stanislav Binički” and maestro Rade Pejčić conducting. Also, she gave performance of the Liszt Piano Concerto No.1 with the same orchestra and maestro Draško Janković. She performed as a guest at the Closing ceremony of the famous Piano competition Maria Canals in Barcelona, also played in Theatre in Arsoli (Italy) and in Razgrad (Bulgaria) with Razgrad philharmonic orchestra.</br></br>
Ana took part in multimedial musical projects in domain of modern classical music:  Silence or Nothing, The man with an umbrella, Imaginary Landscapes of John Cage and Middle of Wednesday.</br></br>
Ana works as a piano professor in Music school “Davorin Jenko” and she is also accompanist at the string department since 2012. Her students are very successful and  also perform regularly and won many prizes.  Ana has highly acclaimed collaboration as accompanist with violin students.</p>

<p>Ana Kovačević, rođena je 1988. godine u Beogradu, gde je sa najvišom ocenom diplomirala, završila specijalizaciju, a trenutno je na završnoj godini doktorskih studija na Fakultetu muzičke umetnosti, u klasi prof. Jokut Mihailović. Dobitnica je nagrade iz Fonda „Slobodanka Milošević-Savić“&#8230;</p>

<!-- This site is optimized with the Yoast SEO plugin v17.2.1 - https://yoast.com/wordpress/plugins/seo/ -->
<title>O meni - Ana Kovačević</title>
<meta name="robots" content="index, follow, max-snippet:-1, max-image-preview:large, max-video-preview:-1" />
<link rel="canonical" href="https://ana-kovacevic.com/en/o-meni/" />
<meta property="og:locale" content="en_US" />
<meta property="og:type" content="article" />
<meta property="og:title" content="O meni - Ana Kovačević" />
<meta property="og:description" content="Ana Kovačević, rođena je 1988. godine u Beogradu, gde je sa najvišom ocenom diplomirala, završila specijalizaciju, a trenutno je na završnoj godini doktorskih studija na Fakultetu muzičke umetnosti, u klasi prof. Jokut Mihailović. Dobitnica je nagrade iz Fonda „Slobodanka Milošević-Savić“..." />
<meta property="og:url" content="https://ana-kovacevic.com/en/o-meni/" />
<meta property="og:site_name" content="Ana Kovačević" />
<meta property="article:modified_time" content="2019-08-05T08:29:31+00:00" />
<meta name="twitter:card" content="summary_large_image" />
<meta name="twitter:label1" content="Est. reading time" />
	<meta name="twitter:data1" content="3 minutes" />
<script type="application/ld+json" class="yoast-schema-graph">{"@context":"https://schema.org","@graph":[{"@type":["Person","Organization"],"@id":"https://ana-kovacevic.com/#/schema/person/e03847a1c8035b1f98ca32f780dc0414","name":"anakovacevic","image":{"@type":"ImageObject","@id":"https://ana-kovacevic.com/#personlogo","inLanguage":"en-US","url":"https://secure.gravatar.com/avatar/afbaec25099f4d39fe2667937f92d0e0?s=96&d=mm&r=g","contentUrl":"https://secure.gravatar.com/avatar/afbaec25099f4d39fe2667937f92d0e0?s=96&d=mm&r=g","caption":"anakovacevic"},"logo":{"@id":"https://ana-kovacevic.com/#personlogo"}},{"@type":"WebSite","@id":"https://ana-kovacevic.com/#website","url":"https://ana-kovacevic.com/","name":"Ana Kova\u010devi\u0107","description":"Music and beyond","publisher":{"@id":"https://ana-kovacevic.com/#/schema/person/e03847a1c8035b1f98ca32f780dc0414"},"potentialAction":[{"@type":"SearchAction","target":{"@type":"EntryPoint","urlTemplate":"https://ana-kovacevic.com/?s={search_term_string}"},"query-input":"required name=search_term_string"}],"inLanguage":"en-US"},{"@type":"WebPage","@id":"https://ana-kovacevic.com/o-meni/#webpage","url":"https://ana-kovacevic.com/o-meni/","name":"O meni - Ana Kova\u010devi\u0107","isPartOf":{"@id":"https://ana-kovacevic.com/#website"},"datePublished":"2019-08-05T08:29:30+00:00","dateModified":"2019-08-05T08:29:31+00:00","breadcrumb":{"@id":"https://ana-kovacevic.com/o-meni/#breadcrumb"},"inLanguage":"en-US","potentialAction":[{"@type":"ReadAction","target":["https://ana-kovacevic.com/o-meni/"]}]},{"@type":"BreadcrumbList","@id":"https://ana-kovacevic.com/o-meni/#breadcrumb","itemListElement":[{"@type":"ListItem","position":1,"name":"Home","item":"https://ana-kovacevic.com/"},{"@type":"ListItem","position":2,"name":"O meni"}]}]}</script>
<!-- / Yoast SEO plugin. -->

O meni - Ana Kovačević

Ana Kovačević, rođena je 1988. godine u Beogradu, gde je sa najvišom ocenom diplomirala, završila specijalizaciju, a trenutno je na završnoj godini doktorskih studija na Fakultetu muzičke umetnosti, u klasi prof. Jokut Mihailović. Dobitnica je nagrade iz Fonda „Slobodanka Milošević-Savić“...

Ana Kovačević
